{"id":644,"date":"2023-02-13T14:11:22","date_gmt":"2023-02-13T17:11:22","guid":{"rendered":"https:\/\/eriberto.pro.br\/site\/?page_id=644"},"modified":"2023-02-14T02:10:58","modified_gmt":"2023-02-14T05:10:58","slug":"guia-de-links","status":"publish","type":"page","link":"https:\/\/eriberto.pro.br\/site\/guia-de-links\/","title":{"rendered":"Guia de Links"},"content":{"rendered":"\n<p>O objetivo desta p\u00e1gina \u00e9 explicar cada item existente na op\u00e7\u00e3o <strong><em>Links<\/em><\/strong> no menu principal. \u00c9 poss\u00edvel clicar nos links aqui existentes.<\/p>\n\n\n\n<p><a href=\"https:\/\/eriberto.pro.br\/blog\"><strong>Blog<\/strong><\/a> &#8211; Trata-se do meu blog t\u00e9cnico, com artigos voltados para v\u00e1rios assuntos.<\/p>\n\n\n\n<p><strong><a href=\"http:\/\/eriberto.pro.br\/curriculo\">Curr\u00edculo<\/a><\/strong> &#8211; O meu curr\u00edculo reduzido a ser utilizado em palestras.<\/p>\n\n\n\n<p><strong><a href=\"https:\/\/eriberto.pro.br\/site\/?page_id=594\">Debian &#8211; <\/a><a href=\"https:\/\/people.debian.org\/~eriberto\/\">Eriberto<\/a><\/strong> &#8211; P\u00e1gina no servidor <code><em>people.debian.org<\/em><\/code> com v\u00e1rios links importantes para quem mant\u00e9m pacotes no Debian.<\/p>\n\n\n\n<p><strong><a href=\"https:\/\/eriberto.pro.br\/site\/?page_id=600\">Debian &#8211; <\/a><a href=\"https:\/\/qa.debian.org\/developer.php?email=eriberto@debian.org\">Pacotes<\/a><\/strong> &#8211; P\u00e1gina contendo a rela\u00e7\u00e3o de pacotes que eu mantenho, tamb\u00e9m conhecida no Debian como DDPO.<\/p>\n\n\n\n<p><strong><a href=\"https:\/\/debianet.com.br\">Debianet<\/a><\/strong> &#8211; A minha p\u00e1gina com links para videoaulas e com v\u00e1rios exerc\u00edcios sobre empacotamento de software no Debian. Essa \u00e9 a p\u00e1gina em portugu\u00eas para quem quiser aprender a empacotar.<\/p>\n\n\n\n<p><strong><a href=\"https:\/\/github.com\/resurrecting-open-source-projects\/\">GitHub<\/a><\/strong> &#8211; Projetos FOSS no GitHub dos quais eu participo.<\/p>\n\n\n\n<p><strong><a href=\"https:\/\/eriberto.pro.br\/palestras\">Palestras<\/a><\/strong> &#8211; P\u00e1gina listando todas as minhas palestras.<\/p>\n\n\n\n<p><strong><a href=\"https:\/\/twitter.com\/eribertomota\">Twitter<\/a><\/strong> &#8211; O meu twitter. Alguns an\u00fancios sobre palestras, livros etc. poder\u00e3o ser feitos por l\u00e1.<\/p>\n\n\n\n<p><strong><a href=\"https:\/\/eriberto.pro.br\/wiki\">Wiki<\/a><\/strong> &#8211; O meu wiki, com diversos assuntos t\u00e9cnicos.<\/p>\n\n\n\n<p><strong><a href=\"https:\/\/www.youtube.com\/c\/EribertoMotaDebian\">Youtube<\/a><\/strong> &#8211; O meu canal no Youtube. H\u00e1 v\u00eddeos sobre empacotamento, algumas palestras gravadas etc.<\/p>\n\n\n\n<div style=\"height:40px\" aria-hidden=\"true\" class=\"wp-block-spacer\"><\/div>\n","protected":false},"excerpt":{"rendered":"<p>O objetivo desta p\u00e1gina \u00e9 explicar cada item existente na op\u00e7\u00e3o Links no menu principal. \u00c9 poss\u00edvel clicar nos links aqui existentes. Blog &#8211; Trata-se<\/p>\n","protected":false},"author":2,"featured_media":0,"parent":0,"menu_order":0,"comment_status":"closed","ping_status":"closed","template":"","meta":{"footnotes":""},"class_list":["post-644","page","type-page","status-publish","hentry"],"_links":{"self":[{"href":"https:\/\/eriberto.pro.br\/site\/wp-json\/wp\/v2\/pages\/644","targetHints":{"allow":["GET"]}}],"collection":[{"href":"https:\/\/eriberto.pro.br\/site\/wp-json\/wp\/v2\/pages"}],"about":[{"href":"https:\/\/eriberto.pro.br\/site\/wp-json\/wp\/v2\/types\/page"}],"author":[{"embeddable":true,"href":"https:\/\/eriberto.pro.br\/site\/wp-json\/wp\/v2\/users\/2"}],"replies":[{"embeddable":true,"href":"https:\/\/eriberto.pro.br\/site\/wp-json\/wp\/v2\/comments?post=644"}],"version-history":[{"count":10,"href":"https:\/\/eriberto.pro.br\/site\/wp-json\/wp\/v2\/pages\/644\/revisions"}],"predecessor-version":[{"id":711,"href":"https:\/\/eriberto.pro.br\/site\/wp-json\/wp\/v2\/pages\/644\/revisions\/711"}],"wp:attachment":[{"href":"https:\/\/eriberto.pro.br\/site\/wp-json\/wp\/v2\/media?parent=644"}],"curies":[{"name":"wp","href":"https:\/\/api.w.org\/{rel}","templated":true}]}}