{"id":222,"date":"2011-10-03T12:07:03","date_gmt":"2011-10-03T15:07:03","guid":{"rendered":"http:\/\/eriberto.pro.br\/site\/?page_id=222"},"modified":"2023-02-23T00:29:56","modified_gmt":"2023-02-23T03:29:56","slug":"sobre-o-site","status":"publish","type":"page","link":"https:\/\/eriberto.pro.br\/site\/sobre-o-site\/","title":{"rendered":"Sobre o site"},"content":{"rendered":"\n<p>Criei o meu primeiro site em 1998. Chamava-se Hardware Help e est\u00e1 extinto. A partir desse, v\u00e1rios outros foram surgindo, como o de <a href=\"http:\/\/eriberto.pro.br\/iptables\">Iptables<\/a> que existe at\u00e9 hoje. Com isso, senti, em 2005, a necessidade de agrupar todos esses sites em um ponto central. Assim nasceu o dom\u00ednio eriberto.pro.br.<\/p>\n\n\n<div class=\"wp-block-image\">\n<figure class=\"alignright\"><a href=\"https:\/\/eriberto.pro.br\/site\/wp-content\/uploads\/2011\/10\/eriberto_pro_br_old.jpg\"><img loading=\"lazy\" decoding=\"async\" width=\"233\" height=\"200\" src=\"https:\/\/eriberto.pro.br\/site\/wp-content\/uploads\/2011\/10\/eriberto_pro_br_old_mini.jpg\" alt=\"\" class=\"wp-image-232\"\/><\/a><figcaption class=\"wp-element-caption\">Estilo antigo do site Eriberto.pro.br. Clique para ampliar.<\/figcaption><\/figure>\n<\/div>\n\n\n<p>De 16 de maio de 2005 at\u00e9 03 de outubro de 2011, o site teve uma &#8220;cara&#8221; HTML simples, como pode ser visto ao lado (figura que mostra a apar\u00eancia na sua \u00faltima apari\u00e7\u00e3o).<\/p>\n\n\n\n<p>Em setembro de 2011, em virtude da ampla utiliza\u00e7\u00e3o de CMS no mundo e da dificuldade de edi\u00e7\u00e3o do HTML, que sempre tinha que ser baixado e &#8220;uploadeado&#8221;, resolvi mudar a tecnologia. Eu precisava de algo mais pr\u00e1tico e queria tamb\u00e9m que fosse atraente. Assim, optei por uma ideia antiga minha, que era utilizar o <a href=\"http:\/\/wordpress.org\">WordPress<\/a> como CMS.<\/p>\n\n\n\n<p>O WordPress \u00e9, sem d\u00favida, o mais renomado sistema de blogs que existe. No entanto, o que muitos n\u00e3o sabiam, \u00e9 que o mesmo pode ser facilmente utilizado como plataforma para sites da web, bastando alguns ajustes na configura\u00e7\u00e3o. Esses ajustes s\u00e3o nativos e casam com diversos temas, n\u00e3o havendo a necessidade de altera\u00e7\u00e3o de c\u00f3digo. Veja algumas vantagens do WordPress:<\/p>\n\n\n\n<ul class=\"wp-block-list\">\n<li>\u00c9 um Software Livre e gratuito. Isso facilita o desenvolvimento de facilidades extras diversas.<\/li>\n\n\n\n<li>Possui excepcional estabilidade e seguran\u00e7a.<\/li>\n\n\n\n<li>\u00c9 de fac\u00edlima utiliza\u00e7\u00e3o (mais at\u00e9 do que outros CMS famosos).<\/li>\n\n\n\n<li>Possui amplo suporte t\u00e9cnico, uma vez que \u00e9 o sistema de blogs e sites mais utilizado no mundo.<\/li>\n\n\n\n<li>Est\u00e1 consolidado no mercado mundial.<\/li>\n\n\n\n<li>Possui vasta gama de <a title=\"Temas para WordPress.\" href=\"http:\/\/wordpress.org\/extend\/themes\">temas<\/a> e <a href=\"http:\/\/wordpress.org\/extend\/plugins\/\">plugins<\/a> (sempre \u00e9 bom alertar sobre a possibilidade de plugins, que s\u00e3o feitos por terceiros, introduzirem falhas de seguran\u00e7a).<\/li>\n\n\n\n<li>\u00c9 utilizado por entidades extremamente s\u00e9rias e respeitadas como CNN, Centro de Pesquisas da NASA, New York Times e Sony Music. H\u00e1 v\u00e1rios sites na Internet que mostram quem usa o WordPress.<\/li>\n<\/ul>\n\n\n\n<div style=\"height:29px\" aria-hidden=\"true\" class=\"wp-block-spacer\"><\/div>\n\n\n\n<p>Por fim, a figura no topo mostra um jato comercial. Como eu j\u00e1 disse na primeira p\u00e1gina do site, escolhi essa foto porque a avia\u00e7\u00e3o \u00e9 uma grande paix\u00e3o na minha vida, como muitos sabem.<\/p>\n\n\n\n<p>Obrigado pela visita e pelo interesse!<\/p>\n\n\n\n<div style=\"height:40px\" aria-hidden=\"true\" class=\"wp-block-spacer\"><\/div>\n","protected":false},"excerpt":{"rendered":"<p>Criei o meu primeiro site em 1998. Chamava-se Hardware Help e est\u00e1 extinto. A partir desse, v\u00e1rios outros foram surgindo, como o de Iptables que<\/p>\n","protected":false},"author":2,"featured_media":0,"parent":0,"menu_order":43,"comment_status":"closed","ping_status":"closed","template":"","meta":{"footnotes":""},"class_list":["post-222","page","type-page","status-publish","hentry"],"_links":{"self":[{"href":"https:\/\/eriberto.pro.br\/site\/wp-json\/wp\/v2\/pages\/222","targetHints":{"allow":["GET"]}}],"collection":[{"href":"https:\/\/eriberto.pro.br\/site\/wp-json\/wp\/v2\/pages"}],"about":[{"href":"https:\/\/eriberto.pro.br\/site\/wp-json\/wp\/v2\/types\/page"}],"author":[{"embeddable":true,"href":"https:\/\/eriberto.pro.br\/site\/wp-json\/wp\/v2\/users\/2"}],"replies":[{"embeddable":true,"href":"https:\/\/eriberto.pro.br\/site\/wp-json\/wp\/v2\/comments?post=222"}],"version-history":[{"count":10,"href":"https:\/\/eriberto.pro.br\/site\/wp-json\/wp\/v2\/pages\/222\/revisions"}],"predecessor-version":[{"id":745,"href":"https:\/\/eriberto.pro.br\/site\/wp-json\/wp\/v2\/pages\/222\/revisions\/745"}],"wp:attachment":[{"href":"https:\/\/eriberto.pro.br\/site\/wp-json\/wp\/v2\/media?parent=222"}],"curies":[{"name":"wp","href":"https:\/\/api.w.org\/{rel}","templated":true}]}}